it of (658 + -2 + 2)*(-28)/(-56)?
9
Let o be -38*((-15)/6 + 2). Suppose -r + o = -4. What is the units digit of r?
3
Let s = 11 - 10. Let b = 7 - s. What is the units digit of b?
6
Let r(u) = 42*u - 2. What is the tens digit of r(1)?
4
Let d(z) = 2*z**2 + 12*z - 5. What is the units digit of d(-9)?
9
Let z be ((-8)/6)/((-3)/9). Let x(i) = 2*i + 3. What is the tens digit of x(z)?
1
Suppose -8*i + 134 = -338. What is the units digit of i?
9
Let u(k) = k**2 + 3*k - 6. What is the tens digit of u(4)?
2
Suppose -2*q + q = 0. Suppose q = j - 3 - 0. Suppose -j*o = -2*o - 3*z + 1, -o + 5*z = 7. What is the units digit of o?
8
What is the tens digit of (-12168)/(-64) - (-4)/(-32)?
9
Suppose 0 = -5*h - 3*o + 183, 0*o - o + 37 = h. What is the units digit of h?
6
Let p(x) be the second derivative of x**5/10 - 5*x**4/12 + x**3/2 - x**2/2 - 5*x. What is the tens digit of p(3)?
1
Let b(l) = 37*l**2 - 14*l - 3. Let j(o) = 12*o**2 - 5*o - 1. Let c(p) = 6*b(p) - 17*j(p). What is the units digit of c(1)?
8
Let b be (-2)/(-1)*-1 + -1. Let t(a) = -a**3 - 4*a**2 - 4*a - 1. What is the units digit of t(b)?
2
Let i = 2 - 3. What is the units digit of -1 - 0 - 30/i?
9
Let o(s) = s**3 - 7*s**2 + 10*s - 6. What is the tens digit of o(6)?
1
Suppose 3*p - 6 = -3*w + 2*p, 6 = 5*w + 3*p. Suppose 0 = w*n + n - 84. Let h = -11 + n. What is the tens digit of h?
1
Suppose -z + 301 = -0*s + s, -5*s + 1485 = z. What is the units digit of s?
6
Let x = -57 + 73. What is the units digit of x?
6
Let z be 5 - (5 - 3 - 1). Suppose 2*u - z = -4*s, -s - s - 10 = -5*u. What is the units digit of u?
2
Suppose 5 = -m + 32. What is the units digit of m?
7
Let h(b) = -b**2 - 4*b + 2. Let q be h(-4). Suppose -q + 0 = -r. Let a = 0 + r. What is the units digit of a?
2
Let n(i) = -50*i. What is the tens digit of n(-1)?
5
Suppose -z = -3*z + 10. Suppose -5*t + 6 = b, -2*b = -10*t + z*t + 18. What is the units digit of t?
2
Suppose -2*x - d = 2*d - 88, 0 = x + 4*d - 54. Suppose -29 = y - 3*y - l, 0 = 2*y - 2*l - x. What is the units digit of y?
6
Suppose -2*r - 2*r - 32 = 2*l, 0 = -5*r. Let v = l + 23. What is the units digit of v?
7
Suppose 6*y = 2*y + 40. Suppose 0 = -4*k - k + y. Suppose -k*u + u + 11 = 0. What is the tens digit of u?
1
Let m(l) be the first derivative of l**3/3 + l**2/2 + 2*l + 4. What is the tens digit of m(-6)?
3
Let a(b) = 3*b + 2. Suppose -2*t + 3*t = 0. Suppose 2*p - 4 + 0 = t. What is the units digit of a(p)?
8
Let s = -15 - -23. Let z(m) = m + 2. What is the units digit of z(s)?
0
Let f(x) = -5*x**3 + 4*x - 1. Let a(k) = -k + 11*k**2 - 11*k**2 + k**3. Let p(g) = 3*a(g) + f(g). What is the units digit of p(-2)?
3
Let y = 66 - 28. What is the tens digit of y?
3
Suppose -434 = -13*r + 190. What is the units digit of r?
8
Suppose 0 = o + 2*o. Suppose -w - 2*z + 21 = o, -2*z = -0*z. What is the units digit of w?
1
Suppose 4*i - 1 = 7, -5*i = 5*k - 25. Suppose -5*n + 2 + 13 = 0. Suppose -2*j - 4 = -5*g + k*g, -5*j + n*g - 4 = 0. What is the units digit of j?
1
Let n(s) = s**2 - 7*s - 8. Let c be n(8). Suppose m - 78 = -5*x + 4*m, c = m + 1. What is the units digit of x?
5
Let r = 9 - 6. Suppose 4*y + 12 = 2*q - r*q, 0 = -4*y - 20. What is the units digit of q?
8
Suppose -2 = 4*v - 10. Suppose -5*i = -4*b - 43, -3*i + 26 = -v*b + 1. Let a(q) = -q**3 + 8*q**2 - 6*q. What is the units digit of a(i)?
7
Suppose 0 = -4*l - 4*i - 12, -5*i + 10*i - 21 = l. Let j(o) = -o**2 - 8*o - 3. What is the units digit of j(l)?
9
Let h = 6 - 1. Suppose 2 = h*l - 18. What is the units digit of (l + 1)/((-2)/(-4))?
0
Let h(y) = 134*y + 8. What is the units digit of h(2)?
6
Suppose 5 = 3*v + 50. Let d be (0 - v/12)*4. Suppose -g = 4*f - 7, 0*f = 2*f - d*g - 31. What is the units digit of f?
3
Let w = -1 + 4. Let z = -2 + w. What is the units digit of z - 12/(9/(-3))?
5
What is the units digit of ((-42)/12)/(2/(-20))?
5
Let p(s) = -s**2 - 5*s + 1. Let c be p(-4). Suppose l + 2*y + 5 = 22, c*l + 4*y - 55 = 0. Let h = l + -3. What is the units digit of h?
4
Let z(y) = -y**3 + 12*y**2 - 9*y - 10. Let p be z(11). What is the units digit of (p/(-20))/((-3)/105)?
1
Let k be (53 + -4)*1 - -3. Suppose k = -5*s + 327. What is the units digit of s?
5
Let v = 1 + 1. Suppose 0 = l + 2*u - 2, 6 = -4*u + v. Let n = l + -3. What is the units digit of n?
1
Let q be (-15)/(-6)*16/10. Let l be (q/6)/((-3)/(-9)). Suppose 4 = l*v + 2*x, -2*x + 6 = 3*v - 4. What is the units digit of v?
6
Suppose 28 + 20 = 5*n - 4*r, 4*r = n - 16. Let h(q) be the third derivative of q**5/60 - q**4/4 - q**3/2 + 4*q**2. What is the units digit of h(n)?
3
Let r(t) = -t + 1. Let s be r(-4). Suppose -4*g - 14 = 2, -s*g = -2*w + 26. What is the units digit of w?
3
What is the tens digit of 0 - 4/((-8)/58)?
2
Let c(v) = -v**3 - 6*v**2 - 2*v - 6. Let u be c(-6). Let j be -2*(0 + (-3)/u). What is the units digit of ((-4)/1)/(-1) + j?
5
Let m(a) be the first derivative of -a**3/3 + 4*a**2 - 6*a - 2. Let s = -11 - -17. What is the units digit of m(s)?
6
Let d be 2 + 234/(-5 - -2). What is the units digit of (-4)/6 - d/6?
2
Let l be (-3)/(-1) - (3 + -3). Let z be (-42)/(-3) - 2 - -1. Suppose 5*u = 4*j + z, -l*j + u + 4*u = 16. What is the units digit of j?
3
Let z(p) = 2*p**2 + 21*p - 2. What is the hundreds digit of z(-16)?
1
Let k(s) = -s**3 - s + 4. Let d be k(0). Suppose 0*f = 2*x - 4*f + 8, d*f = 12. Suppose 0 = -3*v + 13 + x. What is the units digit of v?
5
Suppose 0 = -2*n - 0*n + 8. Let w be 6/n*(12 - 2). What is the units digit of (-2 + 1 - 1) + w?
3
Suppose -2*w + 2*b = -4 - 4, -2*w = 3*b - 13. Suppose 45 + 115 = w*g. Suppose -3*c + 7*c - g = 0. What is the units digit of c?
8
Let d = -165 + 353. What is the tens digit of d?
8
What is the tens digit of (-30 + 0)*(-35)/21?
5
Let h = -20 - -38. Suppose 0 = 4*k - 3*v - 0*v - 23, 2*v + 7 = k. Suppose 0 = k*s - h - 27. What is the units digit of s?
9
What is the units digit of 2/8*(-36)/(-9)?
1
Let j = -12 - -15. Suppose -10 = j*p - 8*p. What is the units digit of p?
2
Let w(p) = p**3 - 4*p**2 + 2. Let d be w(4). Suppose -3*i + 4*o + 0*o = -14, -2*o - d = -i. What is the tens digit of i?
1
Let f(n) = -n**3 - n**2 + n + 1. Let s(c) = -6*c**3 - c**2 + 9*c + 6. Let o(r) = 5*f(r) - s(r). What is the units digit of o(5)?
4
Let h = -14 - -29. Suppose -3*y = -5*c + c + 5, 3*c - h = 0. Suppose l + 12 = -4*z, -y*z = -l + 3*l + 12. What is the units digit of l?
4
Let c(l) = 11*l - 5. What is the tens digit of c(4)?
3
Suppose v = s - 144, 1 = 3*v - 2*v. What is the units digit of s?
5
Let v = 12 - 18. Let t be 4/(-12) + 4/v. What is the units digit of (t - -2) + -3 - -5?
3
What is the tens digit of -4*(18/27 - 61/6)?
3
Let x be (-16)/(-4)*6/4. What is the units digit of (-21)/(-9) - 2/x?
2
Suppose -168 = 4*z + 4*p, 0 = -0*z - 2*z + 4*p - 108. Let s = -19 - z. What is the units digit of s?
7
Let v be 1 + 8*1/2. Suppose 10 = -0*j + v*j. Suppose -h + 3*h = -2*b + 6, b - 4*h = -j. What is the units digit of b?
2
Suppose -6*s - 40 = -s. Let m(f) = -f**3 - 8*f**2 + f + 10. What is the units digit of m(s)?
2
Let o(x) = x**3 + 4*x**2 + 4. Let l be o(-4). Suppose 0 = l*u - 3*i - 0*i - 35, -4*i = -5*u + 45. What is the units digit of u?
5
Let o(m) = m**3 - 4*m**2 - m + 2. Let b be o(3). Let h = -2 - b. Suppose 4*x - 40 = h. What is the tens digit of x?
1
Let l(m) be the second derivative of m**4/12 + m**3 + 2*m. Let f(h) = -7*h**3. Let w be f(1). What is the units digit of l(w)?
7
Suppose 5*o - 13 - 2 = 0. Let u = 0 - 0. Let x = o + u. What is the units digit of x?
3
Let c(z) = -z**3 + 3*z**2 + 4*z + 3. Let h be c(4). Suppose 3*w + 2*d = 10, -4 = -h*w + d + 9. What is the units digit of (6/w)/((-2)/(-4))?
3
Let u(n) = -1 + 4*n**2 - 3 + 3 + 4*n**2 - 3*n. What is the tens digit of u(-1)?
1
Suppose -l = -0*l - 4. Suppose -l*g = -2*h + 2, h - 9 = -2*g + 4*h. What is the units digit of g - -5 - (2 - 3)?
3
Let g = 62 - 26. What is the tens digit of g?
3
Let o be (8/(-10))/((-4)/30). Suppose -5*q = -3*c - c + 16, -2*c + 8 = q. Suppose -2*w - 5*d + 39 = 2*w, -c*d = -w - o. What is the units digit of w?
6
Let d(m) = -3*m**3 + 2*m**2 + m - 1. Let o be d(2). What is the units digit of 1/(-2 + (-33)/o)?
5
Suppose -3*n = -1 - 8. Let o be (-1 + 4)*(-1)/n. What is the units digit of (-3)/(-1) - (o + 0)?
4
Let l = -3 - -5. 